6 - (-5 - -11)) + -3
7
What is the value of 0 + -2 - (-4 + 2 - -2)?
-2
Calculate -6 + (5 + 0 - -3).
2
Evaluate 5 - (6 + 1) - -4.
2
13 + -3 + (-12 - 0)
-2
What is the value of 2 + -5 + -2 + (-1 - -10)?
4
What is the value of (13 - (-1 - -7)) + (0 - 1)?
6
What is the value of -10 + 16 + (-1 - 1 - 3)?
1
Evaluate (1 - 2) + (-2 - (1 - 10)).
6
What is -5 + (12 - 5) + (-1 - 2)?
-1
What is 11 - 16 - -2 - -4?
1
What is 9 - 4 - 5 - -1?
1
Evaluate -6 - 0 - 3 - -6.
-3
6 + -8 + -2 + (3 - -1)
0
What is the value of -3 - (-12 - 0 - -4)?
5
Calculate 2 + -3 + 5 + -1.
3
Calculate (0 - (6 + -10)) + -6 - 7.
-9
-7 + 2 - (-10 + 2)
3
What is the value of 1 - (0 + 5) - (4 + -3)?
-5
What is the value of (2 - 0) + (-4 - -7) + -4?
1
90 - 89 - (0 - (-1 - -3))
3
What is -2 + 9 - -1 - 10?
-2
What is the value of -7 - (-5 + -6 + (-7 - -17))?
-6
Evaluate -13 - (-23 + 8 - -6).
-4
-7 + -2 + (-5 - (0 - 7))
-7
1 - (-1 + (7 - 4) + -1)
0
What is 3 + -3 + -3 - 2?
-5
Calculate (-8 + 5 - -3) + (0 - -2).
2
Calculate (6 - (11 + -3)) + 6 + -12.
-8
What is the value of 13 - (17 + 11 + -17)?
2
Calculate 3 + 3 - 5 - 6 - -4.
-1
Calculate 11 + 4 + -12 - 1.
2
Evaluate -4 + 5 - ((9 - 5) + -1).
-2
Calculate (-13 - 0 - -9) + -6.
-10
Calculate -2 + -2 + (6 - (-3 - 1)).
6
-6 + 5 + (-11 - -9)
-3
Evaluate -11 - (-7 - (-4 - -3)).
-5
What is (3 - (-3 - -7)) + 2 + -4?
-3
Evaluate -8 - (-18 + (3 - -6)).
1
2 + (2 - (4 - (2 - -1)))
3
Calculate -6 + (-22 - -27) + (1 - -7).
7
What is 2 + 3 + -6 + (1 - 5)?
-5
What is (-1 - 0) + 4 - 2?
1
What is -8 + 2 - (25 - 29)?
-2
What is 5 - 2 - (0 - -5)?
-2
What is (-17 - 0) + (-4 - -11)?
-10
What is -1 + 2 + -6 + 4?
-1
Evaluate -6 + (0 + -4 - 3) + 6.
-7
-5 + (2 - 6 - -3 - -5)
-1
What is 5 + (5 - 9 - -4) + -4?
1
Calculate 3 + (0 - (9 - 4)).
-2
(-4 - -5) + -10 + 0
-9
Calculate (8 - 2) + (-1 - 1) + -2.
2
What is (-5 - (6 - (2 + 6))) + 10?
7
Evaluate (1 - 3) + (-14 - -21).
5
Calculate -3 + (4 - -10 - 9).
2
(-1 - 0) + (2 + 6 - 8)
-1
What is 0 + (-1 - (0 + 5 - 5))?
-1
What is the value of -4 + 3 + -2 + 1?
-2
Evaluate 5 - ((9 - -3) + -4).
-3
5 + -1 + -18 + 16
2
Evaluate 1 - (7 + -4 + 1).
-3
What is the value of 1 + (8 - (7 - -3))?
-1
Calculate (-1 - -2) + -5 - (-113 + 107).
2
What is the value of (1 - -1) + (-47 - -50) - 0?
5
What is 8 + -8 + 5 + -4 + -6?
-5
What is the value of 1 + 2 + -5 - (0 + -1)?
-1
What is 13 - 13 - (0 - (1 + -1))?
0
What is -4 + (-5 - -5) - (-1 - 0)?
-3
1 + 3 + -4 - (11 + -15)
4
10 - (-6 + 11) - (8 + 0)
-3
Calculate (-1 - 9) + (-8 - 2 - -15).
-5
What is 6 - (6 + 0) - 1?
-1
What is the value of 2 + -8 + 3 + 9?
6
What is the value of -2 + -6 + (1 - -2)?
-5
What is 0 - (-13 + 7 + -6 + 6)?
6
What is the value of (2 + -7 - -5) + -4?
-4
What is the value of (0 - -1) + (-9 + 5 - -3)?
0
0 + 3 + -1 + (-11 - -4)
-5
What is the value of 0 + -3 + (0 - (4 - 3))?
-4
Calculate (-5 - -13) + -1 - 12.
-5
What is -4 - -1 - (2 - (3 + 5))?
3
What is the value of -3 + -3 + -1 - (3 + -4)?
-6
What is (7 - 3) + (3 - 9 - 1)?
-3
What is the value of -2 + -1 + 7 + (4 - 6)?
2
What is -1 + -2 - -6 - (1 + 1)?
1
What is -12 + 24 + -10 - -1?
3
Calculate -4 - (7 + -8) - (-3 - -2).
-2
What is the value of -23 - (20 + -38) - (-5 + 1)?
-1
What is the value of 1 - 2 - 0 - (-7 + 2)?
4
Calculate (-2 - (0 + -3)) + -4.
-3
What is the value of 7 + (-3 + 1 - (-4 + 4))?
5
What is 4 + -6 + (14 - 11)?
1
Calculate 6 - 7 - (1 + (2 - 7)).
3
What is -3 + -3 + 8 + -7?
-5
Evaluate -1 + -1 + 0 - (9 - 11).
0
What is (1 - 2) + 1 + -2 + 3?
1
What is -2 - -9 - -2 - (0 + 6)?
3
Calculate (-1 - -5) + -4 + 0.
0
What is the value of -1 - -1 - (-7 - -2 - -4)?
1
Calculate 8 + -5 + (-4 - -2) + 3.
4
-1 + (-5 - (-5 - -3))
-4
1 - 2 - (-2 + 0)
1
Calculate 15 + -6 + -5 + -8.
-4
Evaluate 12 + -6 - (6 - 2).
2
Evaluate -3 - ((-3 - 1) + -1).
2
Evaluate 18 + -5 + (-1 - 3).
9
4 + 1 + -6 - 0
-1
Calculate 3 - 5 - ((-4 - -3) + -4).
3
Evaluate -2 - (-4 + -2 + 5).
-1
What is -14 - (8 - 13) - -8?
-1
What is 6 + (0 - 3) - 0 - 10?
-7
Evaluate (3 + 2 - -3) + -10.
-2
-8 + -7 + 17 - 7
-5
Evaluate 2 - ((1 - 3) + -2 + 1).
5
Evaluate 0 - (1 - (2 + 2)).
3
What is (2 - 2) + (5 - 9)?
-4
Calculate 1 + -4 + (3 + 3 - 7).
-4
-2 + 1 - (6 - 2)
-5
Evaluate (3 - (-4 - (-4 - 0))) + -6.
-3
What is (-1 - -1) + (0 - -7 - 11)?
-4
What is -1 - 0 - ((-8 - -4) + -2)?
5
5 - (-5 - (2 - 0 - 1))
11
Calculate 5 - (-2 + 7 + -2) - 4.
-2
What is -3 + -2 + -4 + 7?
-2
Evaluate (-1 + 0 - 2) + 6 - 4.
-1
Calculate -2 + 6 + (-38 - -30).
-4
What is the value of (3 - 1) + 8 + -6 + -1?
3
What is -2 - (-2 + -1 + (-3 - -5))?
-1
Evaluate -1 - (4 - 3) - 3.
-5
Calculate 4 + (5 + -7 - -3).
5
-2 + -4 + 2 - (-17 - -17)
-4
What is the value of 7 + -2 + -2 + -3 + -6?
-6
(4 - (-19 + 15)) + (-2 - 2)
4
Evaluate 4 - (-4 + -1 + (-21 - -24)).
6
What is (-4 - -1) + 1 + 3?
1
What is -8 - (-6 + 7 - 8)?
-1
What is the value of -1 - (5 - -1 - (9 - 3))?
-1
(5 + -3 - -11) + (8 - 12)
9
What is -3 + -3 + (11 - 5)?
0
Evaluate -14 - (-8 - (-2 + -2) - 2).
-8
Calculate (-2 - (-3 + 10)) + 5 - -10.
6
Evaluate (-2 - -1) + (5 - 6) + 6.
4
Evaluate 1 + 8 + -3 + (-8 - -4).
2
What is 4 + -2 + (4 - 1)?
5
Evaluate -1 + (0 + (-2 - -6) - -2).
5
What is the value of 3 + -16 + 8 - -9?
4
Calculate (5 - 9) + (3 - (-3 - -3)).
-1
What is -6 - (-7 - (-7 - -3))?
-3
Calculate -9 + (4 - 14) + 10.
-9
Evaluate (4 - 5) + -2 - -1.
-2
Evaluate -1 + 8 + 2 + 0 + -5.
4
Evaluate (-1 - (6 + -4 - 2)) + -4.
-5
(6 - (12 + -9)) + -3 + 1
1
Evaluate -1 + (-4 - -7) + -6.
-4
Calculate -17 + -6 + -4 + 20.
-7
What is the value of -4 + (-3 - -7) + 4?
4
Calculate 14 - ((2 - 1) + 5 + 2).
6
What is the value of 2 - (1 + (-8 - (-1 - 3)))?
5
What is the value of (5 - 13 - -3) + 5?
0
Calculate (-1 - (7 - -2)) + 8.
-2
Evaluate 3 + (4 + -14 - -3).
-4
-2 - ((-5 - -9) + -2) - -6
2
-10 + (1 - -6) - (-6 + 1)
2
What is the value of -4 - (2 - (7 - 3))?
-2
-2 + 0 - (23 + -18)
-7
What is the value of 1 + (3 - 1) + -4 + 6?
5
Evaluate 4 - (-1 + (-4 - -4)).
5
Evaluate 6 - (3 + 7 + -2) - 1.
-3
What is the value of -1 + 1 + 0 - (60 - 64)?
4
What is 8 + -4 + (-6 - -3) - 0?
1
What is 0 - (-2 + -2 - -3) - -1?
2
What is the value of (4 - 1 - 2) + -4 - -1?
-2
What is (2 - 0) + (-2 - (-2 - 2))?
4
Calculate -5 - (-4 - (0 - 1)).
-2
What is -13 + -8 + 16 - -7?
2
What is the value of (1 - 1) + (-3 - (0 + -6))?
3
Calculate -8 - (-1 + -1 + -1 + 0).
-5
Calculate 4 - (7 - -4) - 2.
-9
Evaluate (-3 - -2) + 0 + (4 - 5).
-2
What is the value of 7 + (4 - 9 - -1)?
3
What is the value of (1 - 1) + 2 + 2 + -3?
1
Evaluate (-3 - 3 - -9) + -3.
0
What is the value of (2 - 1 - -1) + 15 + -17?
0
What is -7 + 1 + 250 + -245?
-1
Calculate -13 + (-2 - (-19 + 13)).
-9
What is -3 + 0 + (0 - (-4 - -3))?
-2
What is (2 + -3 + -1 - 0) + 7?
5
What is (-6 - (0 + 1)) + (0 - -2)?
-5
Calculate -2 + -4 + 6 + -3.
-3
Calculate 2 + 3 - (-10 + 8).
7
-8 - (3 - 6 - 0)
-5
What is 1 + -5 + -5 + 19 + -5?
5
What is (1 + 0 + 3 - 8) + 8?
4
What is -3 + (-5 - 3) + 5 + 7?
1
What is the value of 5 - ((2 - -2) + 1)?
0
Calculate -4 - (-11 + -3 - -6) - -3.
7
-5 + -2 + 0 + (-2 - -5)
-4
(3 + 2 + -6 - -4) + 0
3
Evaluate 0 - 9 - (20 - 26).
-3
(6 - (7 - 7)) + -4 + -7
-5
What is 5 - (0 + 9 + -5) - 3?
-2
-1 + (15 - -7 - 11)
10
What is the value of -6 - (-4 - (-3 + 2))?
-3
What is the value of (7 - -4) + -4 - 2?
5
Calculate -6 - (-7 + 3 + (-4 - -5)).
-3
What is the value of -3 + (3 - (0 - -3))?
-3
What is the value of -7 + 2 - (2 - -1 - 3)?
-5
What is -4 - (0 + -4 + 1)?
-1
Calculate -3 + (15 - -1) + -12.
1
Evaluate (0 - 1) + -2 + (3 - 4).
-4
Calculate (-2 - 0) + (2 - -1).
1
Calculate 0 - (2 - -2 - -1).
-5
What is 2 + -2 + (-6 - -11)?
5
(-10 - -8) + 5 + -1 - 0
2
What is the value of -9 + 6 - (-5 - -2)?
0
What is (-1 - (-4 - 4)) + (11 - 12)?
6
Evaluate (47 - 47) + -5 + -1 + 1.
-5
What is the value of -9 + 1 + (7 - 4)?
-5
Evaluate -1 - (0 + -3 + -3).
5
Evaluate 2 - (3 - 5) - -2.
6
Evaluate 6 + (4 - 11 - -1) + -2.
-2
Calculate (1 - 1) + (13 - 9).
4
What is the value of 6 + (-12 - (-14 - -8)) + 7?
7
What is 0 + (-8 - -4) - 1?
-5
Calculate -4 + (0 + -2 + -3 - -7).
-2
What is the value of 7 + (1 - (5 - -1))?
2
Evaluate 0 + -7 - (-20 + 7).
6
What is the value of 7 + 4 + (-11 - -5)?
5
Evaluate 1 + (-1 - (1 + -1)).
0
Evaluate (-4 - -9) + (-1 - 1).
3
What is the value of 3 - 4 - (-2 + (0 - 2))?
3
Calculate -3 + (2 - -3) + 0.
2
7 + (-5 - (-3 